hat is -10000011010011110000011 - 11?
-10000011010011110000110
In base 11, what is -97545 - 47?
-97591
In base 14, what is 55 + -166a1?
-1664a
In base 13, what is -2 - -154c4?
154c2
In base 4, what is 2210 + 2031301?
2100111
In base 4, what is 1121003 + 322?
1121331
In base 10, what is -5 - -25209?
25204
In base 2, what is -110000111111100 + -1?
-110000111111101
In base 2, what is 10 - 1011001010001000001?
-1011001010000111111
In base 8, what is -5 + 2705561?
2705554
In base 8, what is -1506 - 63?
-1571
In base 7, what is -32 + 105055?
105023
In base 7, what is 1636345 - -2?
1636350
In base 9, what is 2413 + -1862?
441
In base 16, what is -1ba - 72?
-22c
In base 4, what is -1020211211 + 2?
-1020211203
In base 11, what is 5 - -100999?
1009a3
In base 8, what is -2106463 + 0?
-2106463
In base 12, what is -2783 + -1a7?
-296a
In base 2, what is -10001101 - -1001110110110?
1001100101001
In base 8, what is -233 - -2646?
2413
In base 9, what is -5743 + -13?
-5756
In base 6, what is -543 - 2330?
-3313
In base 12, what is 76232 + 1?
76233
In base 2, what is 11001100100110 + -101?
11001100100001
In base 11, what is -34882 - -1?
-34881
In base 7, what is 332 + 1205?
1540
In base 5, what is -302040 - -2?
-302033
In base 2, what is -100000110010110 + 100010?
-100000101110100
In base 12, what is -33 - -27678?
27645
In base 6, what is 4 + 2521134?
2521142
In base 13, what is 38a5b4 - -2?
38a5b6
In base 8, what is 133322 - -154?
133476
In base 9, what is 233 + -10?
223
In base 3, what is 120 - 2211112?
-2210222
In base 15, what is -e - -2203?
21e4
In base 5, what is -4243 - -300?
-3443
In base 5, what is -102341 - -44?
-102242
In base 15, what is 37a6 + -7?
379e
In base 10, what is -3 + 3532?
3529
In base 16, what is -32 + -2f6?
-328
In base 16, what is 21 + -1d6?
-1b5
In base 7, what is 4034311 - -1?
4034312
In base 5, what is 23144 + 211?
23410
In base 11, what is -3351 - 24?
-3375
In base 13, what is 3b1c5 + 5?
3b1ca
In base 10, what is -1230 - -162?
-1068
In base 7, what is 34 - -256234?
256301
In base 4, what is -20 + 112111?
112031
In base 7, what is -245231 + -2?
-245233
In base 6, what is -1500 - -430?
-1030
In base 12, what is -7 + 127?
120
In base 12, what is -1276b - a?
-12779
In base 6, what is -5 - -103122?
103113
In base 2, what is 111101000111 + 111?
111101001110
In base 9, what is -6283 + -308?
-6602
In base 11, what is -5 + 849a?
8495
In base 11, what is 873 + 378?
1140
In base 3, what is -20 - 1112211221200?
-1112211221220
In base 14, what is -c2 + -34b8?
-359a
In base 7, what is 14421 - 116?
14302
In base 14, what is 0 + -b1aa?
-b1aa
In base 12, what is -9 + -2151?
-215a
In base 11, what is -132a60a + -1?
-132a610
In base 10, what is -255 + -87?
-342
In base 2, what is 110011001 - -110111?
111010000
In base 5, what is 22131 + 304?
22440
In base 7, what is 244501 + -5?
244463
In base 3, what is 20121 - 200101122?
-200011001
In base 11, what is -30 + -7303?
-7333
In base 5, what is -21130 + 102?
-21023
In base 2, what is 11111 - 1000110?
-100111
In base 8, what is -16 + -365550?
-365566
In base 3, what is 2020201021 - 1?
2020201020
In base 10, what is 352 - 49?
303
In base 8, what is 162 + 27?
211
In base 3, what is -112010002201 - 0?
-112010002201
In base 5, what is 1023 - 23?
1000
In base 13, what is a - -2a380?
2a38a
In base 3, what is 10 + 11020020101?
11020020111
In base 6, what is -35214 + 142?
-35032
In base 8, what is -2 - 154777?
-155001
In base 4, what is 21033230002 - 1?
21033230001
In base 10, what is 1 - -661096?
661097
In base 8, what is -1743 + -162?
-2125
In base 12, what is 6942 - 5?
6939
In base 11, what is 4a40 + -a4?
4947
In base 5, what is 11320330 + -4?
11320321
In base 4, what is -30230322 + 11?
-30230311
In base 5, what is 0 + -123401?
-123401
In base 16, what is -1b59 + -1e3?
-1d3c
In base 9, what is -188800 - -6?
-188783
In base 3, what is 121212 - -1002?
122221
In base 10, what is 14 - -8215?
8229
In base 7, what is 4426 + -24?
4402
In base 5, what is 0 + -4024041?
-4024041
In base 12, what is 859416 - 3?
859413
In base 13, what is -38 - -b185?
b14a
In base 12, what is 4b355 + -5?
4b350
In base 6, what is 3 + 251551?
251554
In base 14, what is a8bc + -4?
a8b8
In base 9, what is 44762 - -5?
44767
In base 14, what is -b71d - -3?
-b71a
In base 7, what is 5 + -50410?
-50402
In base 11, what is -5152 + 7?
-5146
In base 7, what is 1143 + 20024?
21200
In base 16, what is -256d - 5?
-2572
In base 4, what is -212 + 12023231?
12023013
In base 7, what is -101036 - 5?
-101044
In base 15, what is -1221 - -6?
-121a
In base 16, what is -18b61 + 5?
-18b5c
In base 8, what is -2141764 - 3?
-2141767
In base 9, what is 4 - -7111?
7115
In base 9, what is -36 + 11270?
11233
In base 5, what is 1 - -443033?
443034
In base 8, what is -14741 - 1?
-14742
In base 12, what is 81b7 - -6?
8201
In base 14, what is 27b + 18?
295
In base 7, what is -2045 - 20663?
-23041
In base 16, what is -1553 + 2?
-1551
In base 3, what is -2011 - 10111112022?
-10111121110
In base 14, what is -1ba - -89?
-131
In base 2, what is -1011110001001111111111 - 10?
-1011110001010000000001
In base 10, what is -21564 + 0?
-21564
In base 4, what is 2311302 - 1?
2311301
In base 13, what is -22382 - -4?
-2237b
In base 7, what is -11505656 + 1?
-11505655
In base 11, what is 1000 - -328?
1328
In base 13, what is -4 - -13961?
1395a
In base 16, what is 6d + ab?
118
In base 16, what is -8e2 - 11b?
-9fd
In base 8, what is 2327155 + -1?
2327154
In base 7, what is -2032 + 24330?
22265
In base 10, what is 10 + -55089?
-55079
In base 5, what is -1 + 3?
2
In base 12, what is 1995 + -a?
1987
In base 7, what is 33032 - -10?
33042
In base 8, what is 175 + 1325?
1522
In base 9, what is 2458 + -12?
2446
In base 6, what is -52530 + -4?
-52534
In base 6, what is -35001 - 1123?
-40124
In base 6, what is 1500 + -1542?
-42
In base 14, what is -5 + 13a1?
139a
In base 3, what is -221211 - -100?
-221111
In base 8, what is 1170142 + 7?
1170151
In base 3, what is -2000 + -2120001?
-2122001
In base 5, what is 1 - 1031120?
-1031114
In base 5, what is 24002322 + 4?
24002331
In base 2, what is 1 - -1010010111101001?
1010010111101010
In base 10, what is 3750 - 3?
3747
In base 11, what is -23 - -2116a?
21147
In base 9, what is 22 + 101?
123
In base 10, what is 27 - 12738?
-12711
In base 5, what is 1214114 + 1?
1214120
In base 5, what is 0 - 1244022?
-1244022
In base 12, what is -2 + 137085?
137083
In base 14, what is -37b5 + 122?
-3693
In base 11, what is 2 + -a02a?
-a028
In base 2, what is 101101000101 - -10011?
101101011000
In base 5, what is -112433 - 3?
-112441
In base 10, what is 1819721 - 2?
1819719
In base 4, what is -122012 - -30131?
-31221
In base 9, what is -702634 + 2?
-702632
In base 14, what is 5138 - -7?
5141
In base 10, what is 43 + 32?
75
In base 2, what is 110001010000100 - 11001?
110001001101011
In base 9, what is -1067 - 170?
-1247
In base 16, what is 22 + -ea73?
-ea51
In base 12, what is -14600 + -2?
-14602
In base 11, what is 53 + 1854?
18a7
In base 8, what is -5 - 10263?
-10270
In base 10, what is -120 + 1880?
1760
In base 11, what is 5 + 11a33?
11a38
In base 15, what is -10cc + 54?
-1078
In base 6, what is -10135 - -3?
-10132
In base 10, what is -1 - 31228?
-31229
In base 9, what is -8743 + 5?
-8737
In base 14, what is a8 + -d?
99
In base 5, what is 111423 - 2131?
104242
In base 6, what is 10100 + -20?
10040
In base 11, what is -43a15a - 4?
-43a163
In base 5, what is -344441 - -441?
-344000
In base 13, what is 2285 - 7c?
2206
In base 5, what is -10002 - -333?
-4114
In base 16, what is -3 + 4a70?
4a6d
In base 5, what is -123033 - -1441?
-121042
In base 16, what is -22 - f9?
-11b
In base 13, what is -c + -7?
-16
In base 8, what is -40 - 633?
-673
In base 6, what is -1440234 + 3?
-1440231
In base 6, what is 1220 - -41153?
42413
In base 16, what is -38 + ddf?
da7
In base 14, what is -c5 + d4b?
c66
In base 16, what is -1c + 1075?
1059
In base 6, what is -413555 + -1?
-414000
In base 8, what is -5 + -3753637?
-3753644
In base 16, what is -2a + -b55?
-b7f
In base 2, what is 1111 + -111110111110101?
-111110111100110
In base 12, what is 25 - 745?
-720
In base 11, what is 23 - 9025?
-9002
In base 15, what is -76e + 293?
-4cb
In base 8, what is -300143 + -6?
-300151
In base 2, what is -100111